lse
Is 28 a factor of 2923285?
False
Is 230 a factor of 7349?
False
Does 156 divide 123698?
False
Does 1137 divide 12085189?
False
Is 605 a factor of 404585?
False
Is 9 a factor of 1500075?
True
Is 15489426 a multiple of 54?
False
Is 37 a factor of 344537?
False
Is 5 a factor of 1668889?
False
Is 3388710 a multiple of 27?
False
Is 11638 a multiple of 23?
True
Does 10 divide 1196842?
False
Is 286375 a multiple of 78?
False
Is 2037438 a multiple of 58?
False
Does 2 divide 1600576?
True
Is 343 a factor of 9343843?
False
Is 164 a factor of 73015?
False
Is 23154804 a multiple of 10?
False
Does 3 divide 41832?
True
Is 25 a factor of 6664050?
True
Is 52 a factor of 2155452?
True
Is 645 a factor of 297345?
True
Is 5519745 a multiple of 165?
True
Does 164 divide 131388?
False
Is 152 a factor of 62369?
False
Does 618 divide 1609890?
True
Does 16 divide 8787040?
True
Is 1037117 a multiple of 271?
True
Is 151326 a multiple of 14?
True
Is 182 a factor of 1162434?
True
Is 31 a factor of 1288308?
False
Is 565 a factor of 1359955?
True
Does 3 divide 44149?
False
Is 648 a multiple of 3?
True
Is 1432539 a multiple of 44?
False
Is 34 a factor of 12777166?
True
Is 19920 a multiple of 8?
True
Does 807 divide 386300?
False
Is 485419 a multiple of 106?
False
Is 3 a factor of 3209?
False
Is 44 a factor of 76956?
True
Does 27 divide 15417?
True
Is 3 a factor of 6743?
False
Does 103 divide 215785?
True
Does 3 divide 32177?
False
Is 15532922 a multiple of 53?
True
Is 107 a factor of 21614?
True
Is 166 a factor of 657844?
False
Does 1156 divide 10629085?
False
Does 40 divide 454669?
False
Is 120 a factor of 7034684?
False
Is 3121800 a multiple of 200?
True
Does 23 divide 3820393?
False
Is 123 a factor of 17357120?
False
Is 1830200 a multiple of 175?
False
Is 7 a factor of 522587?
False
Does 36 divide 135864?
True
Is 114 a factor of 74919?
False
Is 1840230 a multiple of 115?
True
Does 233 divide 8042694?
True
Is 10809 a multiple of 3?
True
Does 61 divide 23973?
True
Is 2164346 a multiple of 11?
False
Is 150 a factor of 7650?
True
Does 165 divide 4125?
True
Is 289839 a multiple of 12?
False
Is 341484 a multiple of 429?
True
Is 1749130 a multiple of 34?
True
Is 2892440 a multiple of 433?
True
Is 13134804 a multiple of 1077?
False
Is 23 a factor of 1569078?
False
Is 1085727 a multiple of 349?
False
Is 215 a factor of 371305?
True
Is 1719760 a multiple of 370?
True
Does 38 divide 370120?
True
Is 1638448 a multiple of 112?
True
Is 9672 a multiple of 104?
True
Does 1138 divide 3586976?
True
Is 9020613 a multiple of 123?
False
Is 224095 a multiple of 143?
False
Is 238923 a multiple of 27?
True
Is 530 a factor of 356160?
True
Does 17 divide 152373?
False
Is 8 a factor of 18344?
True
Does 13 divide 339283?
False
Does 271 divide 982262?
False
Is 15 a factor of 84384?
False
Does 27 divide 655229?
False
Is 21929860 a multiple of 22?
False
Is 270 a factor of 51587?
False
Is 96 a factor of 4372896?
True
Is 3553634 a multiple of 203?
False
Is 4618052 a multiple of 59?
False
Is 42 a factor of 102025?
False
Is 2017167 a multiple of 25?
False
Does 708 divide 3329891?
False
Does 15 divide 326623?
False
Is 64559 a multiple of 10?
False
Does 50 divide 3687850?
True
Is 315015 a multiple of 15?
True
Is 82 a factor of 74345?
False
Is 111 a factor of 238428?
True
Is 11349366 a multiple of 215?
False
Is 553578 a multiple of 3?
True
Is 335344 a multiple of 23?
False
Is 171 a factor of 1788068?
False
Is 8 a factor of 118569?
False
Is 240596 a multiple of 53?
False
Is 7 a factor of 425607?
True
Is 13085 a multiple of 4?
False
Is 120480 a multiple of 24?
True
Is 5 a factor of 99945?
True
Is 195899 a multiple of 77?
False
Is 130 a factor of 19489?
False
Is 14 a factor of 713207?
False
Is 2 a factor of 676048?
True
Does 22 divide 390236?
True
Does 446 divide 28267034?
True
Does 135 divide 2574337?
False
Is 89 a factor of 214163?
False
Does 22 divide 7575089?
False
Does 39 divide 12831?
True
Does 7 divide 159586?
True
Is 182 a factor of 422337?
False
Is 6268 a multiple of 6?
False
Is 12 a factor of 2532?
True
Is 507322 a multiple of 483?
False
Is 30 a factor of 139926?
False
Does 69 divide 498238?
False
Does 10 divide 8928460?
True
Is 101 a factor of 204520?
False
Is 54 a factor of 7926714?
True
Is 72 a factor of 188616?
False
Is 325 a factor of 478725?
True
Does 95 divide 38822?
False
Does 61 divide 86836?
False
Does 47 divide 399406?
True
Is 647734 a multiple of 236?
False
Is 33642 a multiple of 27?
True
Is 183345 a multiple of 228?
False
Is 50 a factor of 356200?
True
Is 2641758 a multiple of 434?
True
Is 37 a factor of 886705?
True
Is 27651 a multiple of 79?
False
Is 102 a factor of 11715213?
False
Does 117 divide 7722?
True
Does 79 divide 6387752?
False
Is 1213147 a multiple of 13?
True
Is 405717 a multiple of 101?
True
Is 12 a factor of 313332?
True
Is 590 a factor of 439634?
False
Does 16 divide 221365?
False
Is 688 a factor of 15510251?
False
Is 656049 a multiple of 76?
False
Is 57 a factor of 8089725?
True
Is 14346456 a multiple of 8?
True
Does 26 divide 1362963?
False
Is 159309 a multiple of 287?
False
Is 7 a factor of 27844?
False
Does 82 divide 1461394?
False
Is 14 a factor of 9342151?
False
Is 9 a factor of 24505301?
False
Is 72 a factor of 251424?
True
Is 27 a factor of 3767159?
False
Does 962 divide 634920?
True
Does 126 divide 1959062?
False
Is 215 a factor of 908375?
True
Is 130 a factor of 332324?
False
Is 192 a factor of 8832?
True
Is 1504066 a multiple of 24?
False
Is 16954 a multiple of 91?
False
Does 3 divide 27380?
False
Is 200 a factor of 101000?
True
Does 10 divide 121419?
False
Is 119 a factor of 564261?
False
Does 85 divide 80682?
False
Is 25 a factor of 557578?
False
Is 15 a factor of 5527904?
False
Is 13680741 a multiple of 93?
False
Is 60 a factor of 250680?
True
Does 20 divide 2166789?
False
Does 115 divide 521640?
True
Is 78 a factor of 227900?
False
Is 1433168 a multiple of 89?
False
Is 354552 a multiple of 44?
True
Is 12306015 a multiple of 703?
True
Is 163 a factor of 1199974?
False
Is 16133040 a multiple of 18?
True
Is 147 even?
False
Is 98 a factor of 13361633?
False
Does 58 divide 1072072?
True
Does 11 divide 354690?
False
Is 151 a factor of 1002489?
True
Does 179 divide 716895?
True
Is 8 a factor of 6501167?
False
Is 307 a factor of 15131109?
True
Is 144 a factor of 119808?
True
Does 920 divide 298186?
False
Does 86 divide 699567?
False
Is 3062093 a multiple of 13?
False
Is 1669 a factor of 1477065?
True
Is 34 a factor of 788624?
False
Is 16 a factor of 2413450?
False
Is 1767048 a multiple of 244?
True
Does 22 divide 394571?
False
Does 372 divide 604500?
True
Is 156 a factor of 3492216?
True
Is 5 a factor of 177740?
True
Does 32 divide 5659712?
True
Is 3 a factor of 80163?
True
Is 236 a factor of 1811536?
True
Is 33 a factor of 920931?
True
Does 8 divide 3797308?
False
Is 65414 a multiple of 44?
False
Does 129 divide 940668?
True
Does 48 divide 19764?
False
Is 443360 a multiple of 42?
False
Is 160218 a multiple of 39?
False
Does 42 divide 5988217?
False
Is 14 a factor of 1621074?
True
Is 62 a factor of 9913?
False
Does 77 divide 1066837?
False
Is 5 a factor of 397825?
True
Does 37 divide 48470?
True
Is 679590 a multiple of 27?
True
Is 249600 a multiple of 160?
True
Is 144136 a multiple of 172?
True
Is 12 a factor of 1094688?
True
Is 43127 a multiple of 7?
True
Does 11 divide 28558?
False
Does 407 divide 15218915?
False
Is 10 a factor of 3304620?
True
Does 291 divide 220725?
False
Does 1008 divide 7373891?
False
Does 244 divide 653971?
False
Is 1333702 a multiple of 538?
True
Is 7 a factor of 32004?
True
Does 9 divide 7485062?
False
Is 32 a factor of 39034?
False
Does 39 divide 156643?
False
Is 10 a factor of 42194?
False
Is 132 a factor of 44393?
False
Does 298 divide 92976?
True
Does 45 divide 2990385?
True
Is 83387 a multiple of 61?
True
Does 99 divide 1141956?
False
Is 3071328 a multiple of 416?
True
Is 20 a factor of 13377047?
False
Is 107834 a multiple of 252?
False
Is 585478 a multiple of 7?
False
Is 105672 a multiple of 56?
True
Does 153 divide 7124668?
False
Does 41 divide 143944?
False
Does 191 divide 28650?
True
Is 65921 a multiple of 174?
False
Does 15 divide 90585?
True
Is 9 a factor of 641475?
True
Does 13 divide 155831?
True
Does 14 divide 1721496